{"id":133,"date":"2016-01-28T12:41:14","date_gmt":"2016-01-28T12:41:14","guid":{"rendered":"http:\/\/demo.themegrill.com\/estore\/?page_id=133"},"modified":"2021-05-24T01:25:04","modified_gmt":"2021-05-24T04:25:04","slug":"4kids-educacional","status":"publish","type":"page","link":"https:\/\/4kids.com.br\/index.php\/4kids-educacional\/","title":{"rendered":"4KIDS EDUCACIONAL"},"content":{"rendered":"\n<p>Pessoas apaixonadas por educa\u00e7\u00e3o que sempre estiveram envolvidas com a nobre arte de educar.<\/p>\n\n\n\n<p>Atualmente, concentrados em conscientizar escolas e educadores do valor educacional dos blocos de montar da <a rel=\"noreferrer noopener\" href=\"https:\/\/4kids.com.br\/index.php\/2021\/05\/22\/blocos-de-montar-de-plastico\/\" target=\"_blank\">Morphun <\/a>para o desenvolvimento motor, cognitivo, bem como habilidades sociais e de trabalho em equipe.<\/p>\n\n\n\n<p>Para saber mais clique sobre o t\u00edtulo &#8220;QUEM SOMOS&#8221;.<\/p>\n\n\n\n<!--more-->\n\n\n\n<p class=\"has-medium-font-size\">Fundada em Janeiro de 2009, come\u00e7ou a operar com importa\u00e7\u00e3o de produtos educacionais em Maio de 2009. Alo longo dos anos, contribu\u00edmos com a promo\u00e7\u00e3o da educa\u00e7\u00e3o bil\u00edngue, especialmente portugu\u00eas-ingl\u00eas, patrocinando congressos de educa\u00e7\u00e3o bil\u00edngue, fazendo feiras de livros em escolas, participando de congressos EDUCAR e fornecendo produtos sob demanda para nossos clientes.<\/p>\n\n\n\n<p class=\"has-medium-font-size\">Na 4Kids Educacional acreditamos na teoria do Kaizen &#8220;nada est\u00e1 bom o suficiente que n\u00e3o possa ser melhorado&#8221;. Assim, nos esfor\u00e7amos para que nossos clientes recebam toda a nossa aten\u00e7\u00e3o e estamos sempre abertos para refletir nosso pontos de melhoria.<\/p>\n\n\n\n<p class=\"has-medium-font-size\">Para entrar em contato conosco, use um dos canais bem ao topo do cabe\u00e7alho desta p\u00e1gina, ou pelo Formul\u00e1rio de Contato.<\/p>\n\n\n\n<p class=\"has-medium-font-size\">Obrigado por seu interesse na 4Kids Educacional.<\/p>\n","protected":false},"excerpt":{"rendered":"<p>Pessoas apaixonadas por educa\u00e7\u00e3o que sempre estiveram envolvidas com a nobre arte de educar. Atualmente, concentrados em conscientizar escolas e educadores do valor educacional dos blocos de montar da Morphun para o desenvolvimento motor, cognitivo, bem como habilidades sociais e de trabalho em equipe. Para saber mais clique sobre o t\u00edtulo &#8220;QUEM SOMOS&#8221;.<\/p>\n","protected":false},"author":1,"featured_media":1314,"parent":0,"menu_order":0,"comment_status":"closed","ping_status":"closed","template":"","meta":{"advgb_blocks_editor_width":"","advgb_blocks_columns_visual_guide":"","footnotes":""},"class_list":["post-133","page","type-page","status-publish","has-post-thumbnail","hentry"],"coauthors":[],"author_meta":{"author_link":"https:\/\/4kids.com.br\/index.php\/author\/4kids\/","display_name":"4kids"},"relative_dates":{"created":"Publicado 10 anos atr\u00e1s","modified":"Atualizado 5 anos atr\u00e1s"},"absolute_dates":{"created":"Publicado em 28 de janeiro de 2016","modified":"Atualizado em 24 de maio de 2021"},"absolute_dates_time":{"created":"Publicado em 28 de janeiro de 2016 12:41","modified":"Atualizado em 24 de maio de 2021 01:25"},"featured_img_caption":"","featured_img":"https:\/\/4kids.com.br\/wp-content\/uploads\/2021\/05\/4kids-educacional-linkedin-capa.png","series_order":"","_links":{"self":[{"href":"https:\/\/4kids.com.br\/index.php\/wp-json\/wp\/v2\/pages\/133","targetHints":{"allow":["GET"]}}],"collection":[{"href":"https:\/\/4kids.com.br\/index.php\/wp-json\/wp\/v2\/pages"}],"about":[{"href":"https:\/\/4kids.com.br\/index.php\/wp-json\/wp\/v2\/types\/page"}],"author":[{"embeddable":true,"href":"https:\/\/4kids.com.br\/index.php\/wp-json\/wp\/v2\/users\/1"}],"replies":[{"embeddable":true,"href":"https:\/\/4kids.com.br\/index.php\/wp-json\/wp\/v2\/comments?post=133"}],"version-history":[{"count":0,"href":"https:\/\/4kids.com.br\/index.php\/wp-json\/wp\/v2\/pages\/133\/revisions"}],"wp:featuredmedia":[{"embeddable":true,"href":"https:\/\/4kids.com.br\/index.php\/wp-json\/wp\/v2\/media\/1314"}],"wp:attachment":[{"href":"https:\/\/4kids.com.br\/index.php\/wp-json\/wp\/v2\/media?parent=133"}],"curies":[{"name":"wp","href":"https:\/\/api.w.org\/{rel}","templated":true}]}}