{"id":1355,"date":"2021-05-24T00:29:13","date_gmt":"2021-05-24T03:29:13","guid":{"rendered":"http:\/\/4kids.com.br\/?page_id=1355"},"modified":"2023-04-07T22:40:51","modified_gmt":"2023-04-08T01:40:51","slug":"politica-de-privacidade-2","status":"publish","type":"page","link":"https:\/\/4kids.com.br\/index.php\/politica-de-privacidade-2\/","title":{"rendered":"Pol\u00edtica de Privacidade"},"content":{"rendered":"\n<h3 class=\"wp-block-heading advgb-dyn-1ca13bb0\" id=\"politica-de-privacidade-para-4kids-educacional-e-suas-marcas-comerciais-9ffbd0a7-62ef-419f-ad59-5012cf51eb71\">Pol\u00edtica de Privacidade para <a href=\"http:\/\/www.4kidseducacional.com\">4Kids Educacional<\/a> e suas marcas comerciais<\/h3>\n\n\n\n<p><em>\u00daltima atualiza\u00e7\u00e3o: Mar\u00e7o\/2023<\/em>.<\/p>\n\n\n\n<h4 class=\"wp-block-heading advgb-dyn-7c74adf3\" id=\"introducao-7cc111b4-0954-4cbe-8fcd-abcd632f4120\">Introdu\u00e7\u00e3o<\/h4>\n\n\n\n<p>Esse site \u00e9 mantido pela 4Kids Educacional Importa\u00e7\u00e3o, Com\u00e9rcio, Treinamento e Consultoria Ltda, CNPJ 10.615.239\/0001-20. Os termos \u201cn\u00f3s\u201d, \u201cnos\u201d e \u201cnosso\u201d se referem \u00e0 4Kids Educacional, ou ao grupo empresarial, ou \u00e0s diferentes marcas mantidas pela empresa.<\/p>\n\n\n\n<p><strong>A marca 4Kids Educacional, bem como seu logotipo, est\u00e3o registradas como marca comercial pelo INPI sob o n. 913803928, RPI 2501 de 11\/12\/2018<\/strong>. As demais marcas da empresa est\u00e3o, ou registradas, ou em processo de registro no INPI. Qualquer informa\u00e7\u00e3o sobre a prote\u00e7\u00e3o \u00e0s nossas marcas podem ser solicitadas a qualquer momento pelo SAC 4Kids Educacional. <\/p>\n\n\n\n<div class=\"wp-block-group is-content-justification-space-between is-nowrap is-layout-flex wp-container-core-group-is-layout-0dfbf163 wp-block-group-is-layout-flex\">\n<div class=\"wp-block-advgb-columns advgb-columns-wrapper\" id=\"advgb-cols-9be91bc7-264a-41ef-8d26-340595827f68\"><div class=\"advgb-columns-container\"><div class=\"advgb-columns advgb-columns-row advgb-is-mobile advgb-columns-1 mbl-layout-stacked gutter-10 vgutter-10\">\n<div class=\"wp-block-advgb-column advgb-column\" id=\"advgb-col-a88f2143-64ca-4c7b-a31b-dfe41768c4ef\"><div class=\"advgb-column-inner\" style=\"border-style:none;border-width:1px\">\n<figure class=\"wp-block-image size-medium is-style-default\"><img decoding=\"async\" width=\"300\" height=\"135\" src=\"https:\/\/4kids.com.br\/wp-content\/uploads\/2023\/04\/4Kids_logo_2015_sharepoint_gif-300x135.gif\" alt=\"4Kids Educacional - Produtos Educacionais de Qualidade\" class=\"wp-image-1858\"\/><\/figure>\n<\/div><\/div>\n<\/div><\/div><\/div>\n\n\n\n<figure class=\"wp-block-image size-medium\"><a href=\"https:\/\/www.rinabakeware.com\/brasil\/\" target=\"_blank\" rel=\"noreferrer noopener\"><img decoding=\"async\" width=\"300\" height=\"109\" src=\"https:\/\/4kids.com.br\/wp-content\/uploads\/2023\/04\/RINA-BAKEWARE_transp_small-300x109.png\" alt=\"Rina Bakeware Brasil - Produtos para Culin\u00e1ria\" class=\"wp-image-1859\" srcset=\"https:\/\/4kids.com.br\/wp-content\/uploads\/2023\/04\/RINA-BAKEWARE_transp_small-300x109.png 300w, https:\/\/4kids.com.br\/wp-content\/uploads\/2023\/04\/RINA-BAKEWARE_transp_small-1024x373.png 1024w, https:\/\/4kids.com.br\/wp-content\/uploads\/2023\/04\/RINA-BAKEWARE_transp_small-768x280.png 768w, https:\/\/4kids.com.br\/wp-content\/uploads\/2023\/04\/RINA-BAKEWARE_transp_small-1536x559.png 1536w, https:\/\/4kids.com.br\/wp-content\/uploads\/2023\/04\/RINA-BAKEWARE_transp_small-2048x746.png 2048w, https:\/\/4kids.com.br\/wp-content\/uploads\/2023\/04\/RINA-BAKEWARE_transp_small-600x218.png 600w\" sizes=\"(max-width: 300px) 100vw, 300px\" \/><\/a><\/figure>\n\n\n\n<figure class=\"wp-block-image size-thumbnail\"><a href=\"https:\/\/www.dawelcoach.com\" target=\"_blank\" rel=\"noreferrer noopener\"><img decoding=\"async\" width=\"150\" height=\"150\" src=\"https:\/\/4kids.com.br\/wp-content\/uploads\/2023\/04\/dawelcoach_logo_png_350-e1680914362925-150x150.png\" alt=\"Dawel Coach - Coaching Cognitivo-Resiliente para Finan\u00e7as, Relacionamentos, Trabalho e Desempenho.\" class=\"wp-image-1860\" srcset=\"https:\/\/4kids.com.br\/wp-content\/uploads\/2023\/04\/dawelcoach_logo_png_350-e1680914362925-150x150.png 150w, https:\/\/4kids.com.br\/wp-content\/uploads\/2023\/04\/dawelcoach_logo_png_350-e1680914362925-75x75.png 75w, https:\/\/4kids.com.br\/wp-content\/uploads\/2023\/04\/dawelcoach_logo_png_350-e1680914362925-100x100.png 100w, https:\/\/4kids.com.br\/wp-content\/uploads\/2023\/04\/dawelcoach_logo_png_350-e1680914362925.png 200w\" sizes=\"(max-width: 150px) 100vw, 150px\" \/><\/a><\/figure>\n\n\n\n<figure class=\"wp-block-image size-thumbnail\"><a href=\"https:\/\/financasnostrilhos.com.br\" target=\"_blank\" rel=\"noreferrer noopener\"><img loading=\"lazy\" decoding=\"async\" width=\"150\" height=\"150\" src=\"https:\/\/4kids.com.br\/wp-content\/uploads\/2023\/04\/Logo-Financas-nos-Trilhos-1-e1680914406640-150x150.png\" alt=\"Finan\u00e7as nos Trilhos - colocar as finan\u00e7as nos trilhos, retomar os sonhos de vida e encontrar o caminho para a independ\u00eancia financeira.\" class=\"wp-image-1856\" srcset=\"https:\/\/4kids.com.br\/wp-content\/uploads\/2023\/04\/Logo-Financas-nos-Trilhos-1-e1680914406640-150x150.png 150w, https:\/\/4kids.com.br\/wp-content\/uploads\/2023\/04\/Logo-Financas-nos-Trilhos-1-e1680914406640-75x75.png 75w, https:\/\/4kids.com.br\/wp-content\/uploads\/2023\/04\/Logo-Financas-nos-Trilhos-1-e1680914406640-100x100.png 100w, https:\/\/4kids.com.br\/wp-content\/uploads\/2023\/04\/Logo-Financas-nos-Trilhos-1-e1680914406640.png 200w\" sizes=\"(max-width: 150px) 100vw, 150px\" \/><\/a><\/figure>\n<\/div>\n\n\n\n<div class=\"wp-block-columns is-layout-flex wp-container-core-columns-is-layout-9d6595d7 wp-block-columns-is-layout-flex\">\n<div class=\"wp-block-column is-layout-flow wp-block-column-is-layout-flow\" style=\"flex-basis:100%\"><\/div>\n<\/div>\n\n\n\n<p>Todas as informa\u00e7\u00f5es, servi\u00e7os e recursos est\u00e3o dispon\u00edveis para voc\u00ea, que navega pelo nosso &#8220;website&#8221;, com a condi\u00e7\u00e3o da sua aceita\u00e7\u00e3o de todos os termos, condi\u00e7\u00f5es, pol\u00edticas e avisos aqui declarados.<\/p>\n\n\n\n<p>Sua&nbsp;visita \u00e9&nbsp;muito importante para n\u00f3s. E para mantermos a total transpar\u00eancia com nossos clientes e para a sua pr\u00f3pria seguran\u00e7a \u00e9 que mantemos nossos Termos de Uso e Pol\u00edticas atualizados.<\/p>\n\n\n\n<p>A 4Kids Educacional mant\u00e9m o <strong>Servi\u00e7o de Atendimento ao Cliente (SAC)<\/strong>. Suas manifesta\u00e7\u00f5es de qualquer natureza (reclama\u00e7\u00f5es, sugest\u00f5es, elogios entre outras) ser\u00e3o sempre muito bem recebidas e analisadas pelo ponto de vista de melhoria da qualidade dos nossos produtos e servi\u00e7os. O SAC da 4Kids est\u00e1 dispon\u00edvel:<br>&#8211; por email: sac@4kidseducacional.com.br<br>&#8211; por whatsapp: (11) 4173-1995<\/p>\n\n\n\n<h3 class=\"wp-block-heading advgb-dyn-749d8010\" id=\"respeitamos-sua-privacidade-d0fb7bbd-66c4-49d3-a5fc-7893210cdbdd\">Respeitamos sua Privacidade<\/h3>\n\n\n\n<p>Ao preencher suas informa\u00e7\u00f5es pessoais para compra ou cadastro ou contato em nosso site, voc\u00ea est\u00e1 autorizando que a 4Kids Educacional armazene estas informa\u00e7\u00f5es para uso futuro.<\/p>\n\n\n\n<p>Todas as informa\u00e7\u00f5es pessoais recolhidas ser\u00e3o usadas para tornar a sua visita no nosso site o mais produtiva e agrad\u00e1vel poss\u00edvel.<\/p>\n\n\n\n<p><strong>A 4Kids educacional garante que nenhuma informa\u00e7\u00e3o pessoal fornecida em nosso site ser\u00e1 repassada para terceiros, nem vendida e nem alugada<\/strong>, exceto para os casos de processamento de pagamentos e de contrata\u00e7\u00e3o de fretes, servi\u00e7os estes fornecidos por terceiros.<\/p>\n\n\n\n<p>A garantia da confidencialidade dos dados pessoais dos usu\u00e1rios do nosso site \u00e9 importante para a 4Kids Educacional.<\/p>\n\n\n\n<p>Todas as informa\u00e7\u00f5es pessoais relativas a membros, assinantes, clientes ou visitantes que usem o 4Kids Educacional ser\u00e3o tratadas em concord\u00e2ncia com a <strong>Lei Geral de Prote\u00e7\u00e3o de Dados Pessoais (LGPD), Lei n\u00b0 13.709\/2018<\/strong>.<\/p>\n\n\n\n<p>A informa\u00e7\u00e3o pessoal recolhida pode incluir o seu nome, e-mail, n\u00famero de telefone, endere\u00e7o, n\u00famero de documento fiscal, data de nascimento, bem como informa\u00e7\u00f5es t\u00e9cnicas de seu acesso, com a finalidade de processar adequadamente pagamentos, contratar fretes e outros servi\u00e7os que se fizerem necess\u00e1rios.<\/p>\n\n\n\n<p>\u00c9 seu direito solicitar, a qualquer tempo, a remo\u00e7\u00e3o de todos os seus dados pessoais dos nossos sistemas. Isso deve ser feito por escrito atrav\u00e9s de um dos canais de atendimento (SAC) mencionados acima. Caso o fa\u00e7a, por favor certifique-se de que sua mensagem foi recebida.<\/p>\n\n\n\n<p>O uso do site da 4Kids Educacional pressup\u00f5e a aceita\u00e7\u00e3o desta Pol\u00edtica de Privacidade. A equipe da 4Kids Educacional reserva-se ao direito de alterar este acordo sem aviso pr\u00e9vio. Deste modo, recomendamos que consulte a nossa pol\u00edtica de privacidade com regularidade de forma a estar sempre atualizado.<\/p>\n\n\n\n<h4 class=\"wp-block-heading advgb-dyn-88e2b7b5\" id=\"como-cancelar-a-autorizacao-de-uso-dos-dados-pessoais-a8ac086c-28f6-4e90-a462-98fda0c21b2a\">Como cancelar a autoriza\u00e7\u00e3o de uso dos dados pessoais?<\/h4>\n\n\n\n<p>Caso deseje solicitar a remo\u00e7\u00e3o dos seus dados pessoais logo ap\u00f3s sua compra ou contato, por gentileza escreva para:<br>4Kids Educacional<\/p>\n\n\n\n<p>E-mail: sac@4kidseducacional.com.br<\/p>\n\n\n\n<p>WhatsApp: (11) 4173-1995.<\/p>\n\n\n\n<h4 class=\"wp-block-heading advgb-dyn-217b4628\" id=\"os-anuncios-74fb40ab-5b48-486f-b863-4145cf33fb6e\">Os an\u00fancios<\/h4>\n\n\n\n<p>Tal como outros websites, coletamos e utilizamos informa\u00e7\u00e3o contida nos an\u00fancios. As informa\u00e7\u00f5es contidas em&nbsp;an\u00fancios, pode incluir o seu endere\u00e7o IP (Internet Protocol), o nome do seu Provedor de Servi\u00e7os de Internet, o programa de navega\u00e7\u00e3o&nbsp;que utilizou ao visitar o nosso website (como o Internet Explorer ou o Firefox ou o Safari, entre outros), o tempo da sua visita e que p\u00e1ginas visitou dentro do nosso website.<\/p>\n\n\n\n<h4 class=\"wp-block-heading advgb-dyn-97d35d86\" id=\"os-cookies-4cf72691-f20b-453f-a964-27b766bd5784\">Os Cookies<\/h4>\n\n\n\n<p>Utilizamos cookies para armazenar informa\u00e7\u00e3o, tais como as suas prefer\u00eancias pessoas quando visita o nosso website. Isto poder\u00e1 incluir um simples <em>popup<\/em>, ou uma liga\u00e7\u00e3o em v\u00e1rios servi\u00e7os pr\u00f3prios que providenciamos.<\/p>\n\n\n\n<p>Voc\u00ea det\u00e9m o poder de desligar os seus cookies, nas op\u00e7\u00f5es do seu programa de navega\u00e7\u00e3o, ou efetuando altera\u00e7\u00f5es nas ferramentas de programas anti-v\u00edrus. No entanto, isso poder\u00e1 alterar a forma como interage com o nosso website, ou outros websites. Isso poder\u00e1 afetar, ou n\u00e3o permitir que fa\u00e7a logins em programas, sites ou f\u00f3runs da nossa e de outras redes.<\/p>\n\n\n\n<h4 class=\"wp-block-heading advgb-dyn-ede6407b\" id=\"ligacoes-a-sites-de-terceiros-cd4ea094-6709-41e6-b0fb-9e8388413e9b\">Liga\u00e7\u00f5es a Sites de Terceiros<\/h4>\n\n\n\n<p>O 4Kids Educacional possui liga\u00e7\u00f5es para outros sites (exemplo: PagSeguro, entre outros) os quais, a nosso ver, podem conter informa\u00e7\u00f5es \/ ferramentas \u00fateis para os nossos visitantes. A nossa pol\u00edtica de privacidade n\u00e3o \u00e9 aplicada a sites de terceiros, pelo que, caso visite outro site a partir do nosso dever\u00e1 ler a politica de privacidade do mesmo.<\/p>\n\n\n\n<p>A 4Kids Educacional&nbsp;n\u00e3o se&nbsp;responsabiliza pela pol\u00edtica de privacidade ou conte\u00fado presente em sites de terceiros.<\/p>\n<style class=\"advgb-styles-renderer\">#advgb-col-a88f2143-64ca-4c7b-a31b-dfe41768c4ef>.advgb-column-inner{}@media screen and (max-width: 1023px) {#advgb-col-a88f2143-64ca-4c7b-a31b-dfe41768c4ef>.advgb-column-inner{}}@media screen and (max-width: 767px) {#advgb-col-a88f2143-64ca-4c7b-a31b-dfe41768c4ef>.advgb-column-inner{}}#advgb-cols-9be91bc7-264a-41ef-8d26-340595827f68{}@media screen and (max-width: 1023px) {#advgb-cols-9be91bc7-264a-41ef-8d26-340595827f68{}}@media screen and (max-width: 767px) {#advgb-cols-9be91bc7-264a-41ef-8d26-340595827f68{}}#advgb-col-a88f2143-64ca-4c7b-a31b-dfe41768c4ef>.advgb-column-inner{}@media screen and (max-width: 1023px) {#advgb-col-a88f2143-64ca-4c7b-a31b-dfe41768c4ef>.advgb-column-inner{}}@media screen and (max-width: 767px) {#advgb-col-a88f2143-64ca-4c7b-a31b-dfe41768c4ef>.advgb-column-inner{}}#advgb-cols-9be91bc7-264a-41ef-8d26-340595827f68{}@media screen and (max-width: 1023px) {#advgb-cols-9be91bc7-264a-41ef-8d26-340595827f68{}}@media screen and (max-width: 767px) {#advgb-cols-9be91bc7-264a-41ef-8d26-340595827f68{}}#advgb-col-a88f2143-64ca-4c7b-a31b-dfe41768c4ef>.advgb-column-inner{}@media screen and (max-width: 1023px) {#advgb-col-a88f2143-64ca-4c7b-a31b-dfe41768c4ef>.advgb-column-inner{}}@media screen and (max-width: 767px) {#advgb-col-a88f2143-64ca-4c7b-a31b-dfe41768c4ef>.advgb-column-inner{}}<\/style>","protected":false},"excerpt":{"rendered":"<p>Pol\u00edtica de Privacidade para 4Kids Educacional e suas marcas comerciais \u00daltima atualiza\u00e7\u00e3o: Mar\u00e7o\/2023. Introdu\u00e7\u00e3o Esse site \u00e9 mantido pela 4Kids Educacional Importa\u00e7\u00e3o, Com\u00e9rcio, Treinamento e Consultoria Ltda, CNPJ 10.615.239\/0001-20. Os termos \u201cn\u00f3s\u201d, \u201cnos\u201d e \u201cnosso\u201d se referem \u00e0 4Kids Educacional, ou ao grupo empresarial, ou \u00e0s diferentes marcas mantidas pela empresa. A marca 4Kids Educacional, [&hellip;]<\/p>\n","protected":false},"author":1,"featured_media":0,"parent":0,"menu_order":0,"comment_status":"closed","ping_status":"closed","template":"","meta":{"advgb_blocks_editor_width":"","advgb_blocks_columns_visual_guide":"","footnotes":""},"class_list":["post-1355","page","type-page","status-publish","hentry"],"coauthors":[],"author_meta":{"author_link":"https:\/\/4kids.com.br\/index.php\/author\/4kids\/","display_name":"4kids"},"relative_dates":{"created":"Publicado 5 anos atr\u00e1s","modified":"Atualizado 3 anos atr\u00e1s"},"absolute_dates":{"created":"Publicado em 24 de maio de 2021","modified":"Atualizado em 7 de abril de 2023"},"absolute_dates_time":{"created":"Publicado em 24 de maio de 2021 00:29","modified":"Atualizado em 7 de abril de 2023 22:40"},"featured_img_caption":"","featured_img":false,"series_order":"","_links":{"self":[{"href":"https:\/\/4kids.com.br\/index.php\/wp-json\/wp\/v2\/pages\/1355","targetHints":{"allow":["GET"]}}],"collection":[{"href":"https:\/\/4kids.com.br\/index.php\/wp-json\/wp\/v2\/pages"}],"about":[{"href":"https:\/\/4kids.com.br\/index.php\/wp-json\/wp\/v2\/types\/page"}],"author":[{"embeddable":true,"href":"https:\/\/4kids.com.br\/index.php\/wp-json\/wp\/v2\/users\/1"}],"replies":[{"embeddable":true,"href":"https:\/\/4kids.com.br\/index.php\/wp-json\/wp\/v2\/comments?post=1355"}],"version-history":[{"count":0,"href":"https:\/\/4kids.com.br\/index.php\/wp-json\/wp\/v2\/pages\/1355\/revisions"}],"wp:attachment":[{"href":"https:\/\/4kids.com.br\/index.php\/wp-json\/wp\/v2\/media?parent=1355"}],"curies":[{"name":"wp","href":"https:\/\/api.w.org\/{rel}","templated":true}]}}